{"id":66,"date":"2014-03-02T20:06:17","date_gmt":"2014-03-02T20:06:17","guid":{"rendered":"https:\/\/www.fleximoto.pt\/?page_id=66"},"modified":"2014-03-02T21:05:04","modified_gmt":"2014-03-02T21:05:04","slug":"servicos","status":"publish","type":"page","link":"https:\/\/www.fleximoto.pt\/?page_id=66","title":{"rendered":"Servi\u00e7os"},"content":{"rendered":"<p>Compra e Venda de motos<\/p>\n<p>Manuten\u00e7\u00e3o e Repara\u00e7\u00e3o<\/p>\n<p>Pintura<\/p>\n<p>Pneus-Venda montagem e equilibragem<\/p>\n<p>Maquina diagn\u00f3stico Texa<a href=\"https:\/\/www.fleximoto.pt\/wp-content\/uploads\/2014\/03\/Texa.jpg\">\u00a0<\/a><\/p>\n<p><a href=\"https:\/\/www.fleximoto.pt\/wp-content\/uploads\/2014\/03\/Texa.jpg\"><img loading=\"lazy\" decoding=\"async\" class=\"alignnone size-medium wp-image-71\" alt=\"Texa\" src=\"https:\/\/www.fleximoto.pt\/wp-content\/uploads\/2014\/03\/Texa-300x240.jpg\" width=\"300\" height=\"240\" srcset=\"https:\/\/www.fleximoto.pt\/wp-content\/uploads\/2014\/03\/Texa-300x240.jpg 300w, https:\/\/www.fleximoto.pt\/wp-content\/uploads\/2014\/03\/Texa-150x120.jpg 150w, https:\/\/www.fleximoto.pt\/wp-content\/uploads\/2014\/03\/Texa.jpg 693w\" sizes=\"(max-width: 300px) 100vw, 300px\" \/><\/a><\/p>\n","protected":false},"excerpt":{"rendered":"<p>Compra e Venda de motos Manuten\u00e7\u00e3o e Repara\u00e7\u00e3o Pintura Pneus-Venda montagem e equilibragem Maquina diagn\u00f3stico Texa\u00a0<\/p>\n","protected":false},"author":1,"featured_media":0,"parent":0,"menu_order":0,"comment_status":"closed","ping_status":"open","template":"page-templates\/full-width.php","meta":{"footnotes":""},"_links":{"self":[{"href":"https:\/\/www.fleximoto.pt\/index.php?rest_route=\/wp\/v2\/pages\/66"}],"collection":[{"href":"https:\/\/www.fleximoto.pt\/index.php?rest_route=\/wp\/v2\/pages"}],"about":[{"href":"https:\/\/www.fleximoto.pt\/index.php?rest_route=\/wp\/v2\/types\/page"}],"author":[{"embeddable":true,"href":"https:\/\/www.fleximoto.pt\/index.php?rest_route=\/wp\/v2\/users\/1"}],"replies":[{"embeddable":true,"href":"https:\/\/www.fleximoto.pt\/index.php?rest_route=%2Fwp%2Fv2%2Fcomments&post=66"}],"version-history":[{"count":7,"href":"https:\/\/www.fleximoto.pt\/index.php?rest_route=\/wp\/v2\/pages\/66\/revisions"}],"predecessor-version":[{"id":76,"href":"https:\/\/www.fleximoto.pt\/index.php?rest_route=\/wp\/v2\/pages\/66\/revisions\/76"}],"wp:attachment":[{"href":"https:\/\/www.fleximoto.pt\/index.php?rest_route=%2Fwp%2Fv2%2Fmedia&parent=66"}],"curies":[{"name":"wp","href":"https:\/\/api.w.org\/{rel}","templated":true}]}}